 - 3. Let n(u) = -5*g(u) - 4*m(u). Is n(j) prime?
False
Suppose 0*j - j = i + 7, -20 = 4*j. Is (-8778)/(-35) - i/10 a prime number?
True
Let m be -4 - 3*6/(-9). Let u(p) = 12*p**2 - 3*p - 3. Is u(m) prime?
False
Let j be ((-4)/(-5))/(2/420). Let u = j + -19. Is (u/(-4))/((-8)/32) prime?
True
Let j(r) = -r**3 + 10*r**2 - 5*r + 1. Is j(8) a composite number?
False
Let u(m) = -m**3 + 9*m**2 + 12*m - 13. Let s(i) = i**2 + 4. Let f be s(6). Suppose f = -0*t + 4*t. Is u(t) a prime number?
True
Let p = 3 + 2. Is (p - 6)/(1/(-59)) composite?
False
Is 3/6 + -3 + 6652/8 a prime number?
True
Is 0 + (-15)/3 - -1122 prime?
True
Let a(j) = -j**3 + 9*j**2 - 9*j + 2. Let c be a(8). Is (56/(-12))/(4/c) a composite number?
False
Let t = -9 - -5. Let p(q) = 3*q**2 - 6*q - 3. Let u be p(t). Suppose j + u = 4*j. Is j composite?
False
Let l(p) = -p**2 - 7*p - 2. Let k be l(-6). Let n be (-78)/21 + k/(-14). Is -2*(-2)/n*-91 a prime number?
False
Let h(b) be the third derivative of -17*b**4/24 - b**3 - 2*b**2. Let y be h(-7). Suppose -3*k + 5*g = -y, k - 11 - 16 = -g. Is k composite?
False
Is 1/((-1)/(-2)) - -465 prime?
True
Let n(q) = -2*q. Let f be n(-1). Let h = -6 + f. Is h/(-6) + 652/12 a composite number?
True
Suppose 0 = -5*i - j + 1192, -3*j = -4*i - 2*j + 959. Is i a composite number?
False
Let t = 20 - 82. Suppose -5*x + 5*a + 560 = 0, 2*x - 5*a - 115 = 100. Let f = x + t. Is f a prime number?
True
Let p be (1/1)/(2/46). Suppose -p = -2*i + 39. Is i a composite number?
False
Let s(y) = -46*y**2 - 9*y - 16. Let u(i) = 31*i**2 + 6*i + 11. Let z(v) = -5*s(v) - 7*u(v). Is z(4) prime?
True
Is (133/(-28))/((-2)/88) a prime number?
False
Let i(x) = x**3 + 7*x**2 - 3*x - 5. Let l be i(-5). Let h = l - 26. Is h a composite number?
True
Let i = 5 + 0. Suppose -5*x + i*a + 1 = -4, 2 = -2*a. Suppose x = -j + 3*j - 42. Is j a prime number?
False
Suppose 4*x - 197 = -2*l - 43, -2*l - 3*x = -159. Is l a composite number?
True
Suppose -2*m - 149 = -3*y - 2384, 5*m + 3*y = 5598. Is m prime?
False
Let c(t) be the first derivative of 5*t**3/3 + 5*t**2/2 - 3*t - 2. Is c(-4) composite?
True
Suppose v - 520 = -v. Suppose 2*c - v = -2*c. Is c a prime number?
False
Suppose -180 - 75 = -5*t. Is t a prime number?
False
Suppose -r + 3*s + 559 = -2*s, -5*r - s + 2769 = 0. Is r prime?
False
Let b = 80 + 367. Is b a prime number?
False
Let u = -5 - -6. Let z = u + 4. Let r(p) = 3*p**2 - 5*p - 4. Is r(z) prime?
False
Is (9/(-6))/(6/(-376)) prime?
False
Let w(x) = 6*x - 5. Let j(f) = -13*f + 11. Let z(a) = -3*j(a) - 5*w(a). Is z(7) a composite number?
True
Let h be 6/4*1*158. Suppose 5*f + 3*l - 1231 = 0, f - h = l + 3*l. Suppose 6*k - f = k. Is k prime?
False
Suppose 929 = 9*g - 13984. Is g a composite number?
False
Is -1142*(-6)/4*(-1)/(-3) a composite number?
False
Let g(c) = 7*c**2 + 2*c + 2. Let j = 6 + -8. Is g(j) prime?
False
Let c(q) = -6*q**2 - 9*q - 1. Let n(l) = 2*l**2 - 4*l. Let y(h) = -3*h**2 + 7*h. Let b(f) = 5*n(f) + 3*y(f). Let k(u) = -5*b(u) - c(u). Is k(4) a prime number?
False
Suppose -t + 2722 = t. Is t prime?
True
Let f(y) = y**3 - 14*y**2 - y + 11. Let g be f(14). Let v(d) = 7*d. Let o be v(-3). Is (-347)/g - (-14)/o a prime number?
False
Let y(x) = 6*x**3 + 4*x**2 - 4*x - 6. Let g be y(-4). Let o = 455 + g. Is o a prime number?
False
Let i(p) = 9*p + 1. Let d(n) = -n**2 + 6*n - 3. Let y be d(5). Let c be i(y). Let u = 50 - c. Is u prime?
True
Let c(g) = -28*g**2 + 2*g - 6. Let a be c(3). Let k = a + 401. Is k prime?
True
Let c(h) = -h + 3. Let j(p) = -p + 6. Let k(y) = 9*c(y) - 4*j(y). Is k(-8) composite?
False
Let o = -4 - -4. Suppose o = -6*z + 7*z - 67. Is z a prime number?
True
Suppose -3*p + 207 + 174 = 0. Is p prime?
True
Let h(o) = -73*o**2 + 6. Let g(q) = -4819*q**2 + 395. Let a(d) = -6*g(d) + 395*h(d). Is a(-1) composite?
False
Suppose -96 = 5*v - 1101. Let k = v - 143. Is k a prime number?
False
Let s(x) = x**2 - 5*x + 3. Let p be s(5). Suppose 0 = -0*h + 2*h - 6. Suppose p*b - 8*b + 287 = h*a, 185 = 3*b + 5*a. Is b composite?
True
Let f(x) = -3*x**2 - 2*x - 10. Let v be f(8). Let n = v + 131. Let t = 170 + n. Is t composite?
False
Let l(v) = v**3 - 3*v**2 - 5*v. Let h be l(4). Is (-239)/(-4) - (-3)/h a composite number?
False
Let v = 431 + -277. Let r = v + -39. Is r a composite number?
True
Let b(h) = h + 6. Suppose -3*v = 5*g + 15, 4*g = -g + 2*v - 15. Let q be b(g). Suppose 2*k + 4 = k, -352 = -4*s - q*k. Is s a composite number?
True
Let t(w) = -w - 11. Let a be t(-11). Suppose q + a*q = 6. Suppose -815 = m - q*m. Is m a composite number?
False
Let u = -25 - -18. Suppose 2*n = 2*i - 36, -2*i - 3*n + 100 = 2*i. Let v = u + i. Is v prime?
False
Is 3 + 718 + 0/1 composite?
True
Let b(d) = -d - 3. Let r be b(-3). Suppose r = z - 163 - 218. Suppose 0 = c + 2*c - z. Is c a composite number?
False
Is (1 - 939)*4/(-8) a composite number?
True
Let u be 163 + 2/(-1 + -1). Let q be 2/((-16)/(-926)) - (-33)/(-44). Let w = u - q. Is w composite?
False
Let v be (-1)/(-2)*-2*-1. Suppose 2*o - v - 3 = 0. Suppose 3*s + o*s = 105. Is s prime?
False
Suppose -3*f + 58 = -1259. Is f a prime number?
True
Suppose 4*p - 866 = 890. Is p composite?
False
Let y(o) = o**3 - o**2 + 1. Let q be y(2). Suppose 2567 = q*s + 242. Suppose 3*t + s = 8*t. Is t prime?
False
Suppose 2*h = -3*h + 15. Suppose 84 = h*t + t. Is t composite?
True
Let k(u) = -12*u + 2. Let i be k(-6). Let v = -30 + -9. Let t = v + i. Is t prime?
False
Let n(k) = k**2 + k - 4. Let a be n(7). Is 2/13 - (-1136)/a a prime number?
False
Let g(j) be the third derivative of j**6/8 + j**5/20 - j**3/6 + j**2. Let c be 1*(-7)/7 - (0 + -3). Is g(c) a composite number?
False
Let j(m) = 22*m. Let h be j(6). Let w = h + -55. Is w a prime number?
False
Let q(j) = -29*j**3 - 2*j**2 + 2*j + 3. Is q(-2) a prime number?
True
Let d(l) = -105*l + 21. Let i be d(-10). Let f = -418 + i. Is f a composite number?
False
Let n be 51/12 - 1/4. Suppose n*k - 192 + 36 = 0. Is k composite?
True
Is (-1)/((-1950)/974 + 2) composite?
False
Let q be 2/2 + 6/(-6). Suppose 2*k + 2*k - 620 = q. Is k a prime number?
False
Suppose -5*t = -23*t + 24498. Is t a composite number?
False
Suppose 244 - 49 = 3*d. Is d a composite number?
True
Suppose 6*x + 19586 = 20*x. Is x a composite number?
False
Let u = 2551 - 1336. Let j = 1756 - u. Is j prime?
True
Let c(z) = -z**3 + 8*z**2 + 10*z + 6. Let v = -13 - 1. Let n be 290/35 - (-4)/v. Is c(n) a composite number?
True
Let a(p) = -4*p**3 - 7*p**2 - 3*p + 5. Is a(-6) composite?
True
Suppose 2*n - 2*y - 377 - 615 = 0, 5*y = 2*n - 983. Is n a composite number?
False
Let v = 34 + -24. Let y = v + -10. Suppose y = -3*s - 4*n + 38, -s + 3*n = s - 14. Is s composite?
True
Let h(a) = -8*a**2 - 6*a + 5. Let l(o) = 15*o**2 + 12*o - 10. Let r(f) = -11*h(f) - 6*l(f). Let k be r(5). Let p = 124 + k. Is p composite?
True
Is (-1)/(-2)*(31*12)/6 a composite number?
False
Suppose 0 = -8*v + 9*v - 287. Is v a prime number?
False
Let h(u) = 16*u**2 + 1 - 3*u**2 + 0 + u. Is h(2) a prime number?
False
Let k = 702 - 325. Is k a prime number?
False
Suppose -3*p + 5*o = -293 - 0, -5*p + 3*o = -483. Let t be 4/14 - p/(-7). Let d = t + 25. Is d prime?
False
Suppose -s = -k, -2*k = -6*k + 16. Suppose -j - 5 + 1238 = s*x, 0 = -5*j - x + 6260. Is j prime?
False
Let b(o) = 15*o**2 - o + 1. Suppose f + 1 = 2. Is b(f) a prime number?
False
Suppose 0 = -2*c - 5*a + 176, 382 = 2*c + 3*c - 2*a. Suppose 2*y + 4*l = c + 92, -2*y + 4*l = -194. Is y a composite number?
True
Suppose 2*i + 11 = 5*w, -w - 5 = -5*i + 2. Suppose 0*v - 2*v + 40 = 0. Suppose -g = -d - v - w, 5*d + 58 = 2*g. Is g a prime number?
True
Let v = 19 + -17. Suppose 2*d = 2 + 6. Suppose -s = -d*s + 3*r + 69, -v*s + 3*r = -48. Is s prime?
False
Let r = 1 + 1. Suppose -c - r*c + 15 = 0. Suppose 3*d = 5*x + 131, 128 = -2*d + 6*d + c*x. Is d prime?
True
Let c(m) = -3*m**2 + 7*m - 6. Let q be c(7). Let u be -149 - (-2 + 0 + 4). Let r = q - u. Is r a composite number?
False
Let i(q) = 27*q**3 + q**2 - 2*q + 1. Is i(3) composite?
False
Let q be 10/(-2)*(-236)/(-10). Let a = q - -185. Is a a composite number?
False
Is (829/(-4))/((-9)/36) a prime number?
True
Let y(n) = -n**2 + 7*n + 9. Let b be y(7). Suppose 4*m + b = 1069. Is m a composite number?
True
Suppose 4*m = -0*m + 12. Sup